hest common factor of l and b.
20
Suppose 3*n + 5*h - 149 = 185, 0 = -4*n + 2*h + 428. Suppose 0 = -52*d + 53*d - n. Calculate the greatest common divisor of d and 54.
54
Let y = 184 - 319. Let u = -133 - y. Suppose -u*k = -i + 17, i + 0*i + k - 8 = 0. Calculate the highest common factor of 55 and i.
11
Let v(l) = -l + 1. Let r(x) = -2*x + 29. Let a be (-190)/57 - (-2)/6. Let w(s) = a*v(s) + r(s). Let o be w(-12). What is the greatest common factor of o and 2?
2
Suppose -42*v + 1810 + 37250 = 0. What is the highest common divisor of 50 and v?
10
Suppose -175*q + 78*q = -10476. Suppose 3*c + b = 51 - 16, -c + 3*b = -15. Calculate the greatest common factor of q and c.
12
Let n be 86 + (2 - 15/5). Suppose 432 = 2*l - 7*p + 12*p, 0 = -p - 2. What is the highest common factor of l and n?
17
Let f(s) = -s**2 - 7*s. Let x be f(-6). Let o be (6 - 3/(-6))/(4/40). Let m be (5/(-3))/(175/(-105)) + o. What is the greatest common factor of x and m?
6
Let q(w) = 3*w**2 + 27*w + 104. Let y be q(-4). Calculate the greatest common factor of 979 and y.
11
Suppose -5*z + 3110 = -2*v, -2*z + 567*v = 562*v - 1223. What is the highest common divisor of 528 and z?
48
Let w(j) = 370*j**3 + j**2. Let u be w(1). Let n = -28 - -40. Suppose 747 = n*t + 111. Calculate the highest common divisor of t and u.
53
Suppose 3*s - 3*o = 15, -3*s - 3 = 2*o + o. Let f be (s/4)/(6/2160). Calculate the highest common factor of f and 108.
36
Let c(j) = 28*j + j**3 - 50*j + 21*j + 2. Let w be c(2). Calculate the highest common factor of 8 and w.
8
Let f be 2*((-185)/10 + -4). Let a be -201*8/(-54) + (-10)/f. Let v = 22 + -19. Calculate the highest common divisor of v and a.
3
Suppose 54 = -63*v - 66*v + 132*v. Calculate the highest common divisor of 3771 and v.
9
Suppose -72*v = -67*v - 5*b - 150, 5*b + 87 = 2*v. Suppose -s - 101 - 44 = -4*g, 3*g = -3*s + 90. Calculate the highest common divisor of v and g.
7
Let d(l) = -l**3 + 6*l**2 + 67*l - 22. Let i be d(11). What is the greatest common factor of 198 and i?
22
Suppose -10*c + 31 + 219 = 0. Let o = 35 + c. Calculate the greatest common factor of o and 20.
20
Let w(u) = 2*u**2 + 11. Let k be w(-6). Let y = k - 56. Suppose -4 = -c, -3*r = r + 4*c - 988. What is the greatest common factor of y and r?
27
Let g = -2805 + 1941. Let z = 1299 + g. What is the highest common factor of 45 and z?
15
Let l(x) = -x**3 - 3*x**2 + 5*x - 1. Let b be l(-4). Let a be 6 + b - 0 - -11. Let c be (-24)/10*(5 - 15). Calculate the highest common divisor of c and a.
12
Suppose 3*p + w = 193, 5*p = -w - 164 + 487. Suppose 3*h - 5*h + 6 = 0. Suppose h*u = -u + 208. What is the highest common factor of u and p?
13
Let m(f) = f + 22. Let w be m(-8). Let y be (-378)/(-4)*60/45. Suppose -31*u - y = -32*u. Calculate the greatest common factor of w and u.
14
Suppose -5*j = 3*y + 1594 - 221, 0 = 4*y - 16. Let c = 337 + j. What is the highest common factor of 24 and c?
12
Let r(w) = 2*w - 16. Let f be r(5). Let u be ((3 - -3) + f)/(1/1). Suppose 2*x = -u*x + 10. What is the greatest common factor of x and 65?
5
Let c be 2894/18 - (-22)/99. Calculate the greatest common factor of c and 184.
23
Let y(n) = 2*n**3 - 19*n**2 + 106*n + 1. Let w be y(5). Calculate the highest common factor of w and 48042.
306
Let o be 492/8 - 201/(-134). Calculate the highest common factor of 8589 and o.
21
Let f = 2606 + -2476. Calculate the highest common factor of 845 and f.
65
Let f(p) = 74*p - 160. Let d be f(9). What is the greatest common factor of 460 and d?
46
Suppose 275*f = 276*f + 3*n - 143, 3*f - 455 = 4*n. Calculate the highest common divisor of 1639 and f.
149
Let p = -123 + 207. Let u = 49 + -44. Let w be 1/((-2)/((-210)/u)). What is the highest common factor of p and w?
21
Let h(t) = -3*t**3 - 4*t**2 - 12*t + 7. Let i be h(-9). Calculate the greatest common factor of i and 86.
86
Let v(q) = 19*q - 1614. Let f be v(94). Calculate the highest common factor of f and 11954.
86
Let n be 7/(14/4) - 0. Let w be (-32)/12*(-3)/n. Let u be (297/22 - 11)*(-12)/(-5). What is the highest common divisor of u and w?
2
Let q be (-2)/1 + 1 + 29. Let s = -2636 + 2678. What is the greatest common divisor of s and q?
14
Let q = -497 - -791. Let l be 700/80 + (-2)/(-8). Suppose l*n - 294 = 2*n. Calculate the greatest common factor of n and q.
42
Let l = -936 + 2364. What is the highest common divisor of 252 and l?
84
Suppose 114432 + 33571 = 71*y + 11328. What is the greatest common factor of 8855 and y?
385
Suppose 4*i + 2 = 5*i. Let k(t) = -5544*t - 3 + 5558*t + 9. Let q be k(i). Calculate the highest common factor of q and 17.
17
Let q(i) = -i**3 + 32*i**2 + 111*i - 54. Let z be q(35). What is the highest common factor of z and 52?
52
Let a be ((-581)/49 + 12)*2821. Calculate the highest common factor of a and 217.
31
Let d(n) = 13*n + 9*n + 15 - 53*n + 11*n. Let o be d(0). Calculate the greatest common divisor of o and 240.
15
Suppose 0 = -2*x + 18, -84*a = -80*a + 4*x - 260. Let v = -4 + 7. Suppose g - 5*t = -13 - 4, -2*g + v*t = -1. Calculate the highest common divisor of a and g.
8
Suppose 7*b - 89 + 2616 = 0. Let t = b - -529. Calculate the highest common divisor of t and 42.
42
Let b(l) = -46*l**2 + 4593*l - 212. Let i be b(99). Calculate the highest common factor of i and 178.
89
Let v be 4 - 3 - -17 - 0. Let t(u) = -6*u**3 + 3*u**2 - 5*u - 6. Let b = -59 - -56. Let w be t(b). Calculate the highest common divisor of v and w.
18
Let j(r) = 15*r**2 - 3*r - 3. Let x be j(4). Let p be (-1692)/(-156) - (-4)/26. Suppose 575 = 34*h - p*h. What is the greatest common divisor of h and x?
25
Suppose -3*p - 5*n + 49 = 0, -p + 22*n - 25*n + 15 = 0. Calculate the highest common divisor of 768 and p.
6
Let r(k) = 2*k + 47. Let h be r(-21). Suppose h*n + 310 = q, -n + 994 = 3*q - 0*n. Let z = q - 138. Calculate the greatest common factor of z and 12.
12
Let q be (5/2)/(66/(-72) + 1). Let g be 1/(2/(-6) - 0). Let u be g + (-3)/2*-18. What is the highest common factor of u and q?
6
Let x be (2/(-6))/(28/(-84)). Suppose -5 = -3*k + 7. Suppose 2*d - k = 5*q - 19, 0 = d + 4*q - 25. Calculate the greatest common divisor of d and x.
1
Suppose -93 = -4*o - x, -16*o - 12*x + 16*x + 396 = 0. What is the greatest common factor of o and 948?
12
Suppose 0 = 2*g - g - 3. Suppose -g*t = t - 12. Suppose 0*q + t = q. What is the greatest common divisor of q and 24?
3
Let r = 4573 + -4548. What is the highest common factor of r and 425?
25
Let o be 1496/242 - (6/(-11))/(-3). Suppose -4 = o*q - 4*q. Let u be ((-14)/(-4))/(q - 10/(-4)). Calculate the highest common factor of 35 and u.
7
Let q(a) = -82*a**2 + 45*a**2 + 36*a**2 + 21*a + 11. Let f be q(18). Calculate the highest common factor of f and 91.
13
Suppose -3*z = 2*f - 24767, 2*z + 266*f = 267*f + 16516. What is the highest common divisor of z and 23?
23
Let v be (-1)/(2/4) + 10 + -2. Suppose v*t = -4 + 22. What is the greatest common factor of 3 and t?
3
Let d(n) = 5*n**3 - 31*n**2 - 55*n - 13. Let y be d(8). What is the greatest common divisor of y and 8241?
123
Let r be 42512/112 + (-6)/(-14). Let u = r + -205. What is the highest common factor of 7 and u?
7
Let k = -268 - -276. Let y be (-4)/10 - 1844/(-10). What is the greatest common factor of k and y?
8
Let a = 20 - 16. Suppose -52 = -11*s - 19. Suppose -35 = -4*i - s. What is the greatest common factor of i and a?
4
Let p(x) = -14*x**2 - 7*x - 33. Let f be p(-4). Let z = -185 - f. What is the highest common factor of z and 8?
4
Let i(p) = -p**3 - 5*p**2 + 206*p - 19. Let g be i(12). What is the highest common divisor of g and 2875?
5
Suppose 4*i = 18*o - 13*o - 52, 0 = i - 2. Suppose 0 = z + 3 - o. Let f(u) = -u**2 + 6*u - 3. Let y be f(5). Calculate the highest common divisor of y and z.
1
Let h be 1/((1/(-14355))/(188/(-141))). Let z(b) = b**2 - 2. Let i be z(-2). Let n be i/8 - h/(-48). What is the greatest common factor of 57 and n?
57
Let h be (-25)/(-3) + 6/(-18). Suppose -3*q + h*q = 0. Suppose q = -3*y + 107 - 38. Calculate the greatest common divisor of y and 69.
23
Suppose -3*d = -5*t + 218, -d + 25 = -5*t + 101. Let i = -71 - d. Suppose -3*j - 12 = 0, 2*f + 2*f + j - 284 = i. What is the highest common factor of 9 and f?
9
Let o be 7 - 0 - (0/3)/10. Suppose -2840 = -5*v + r, o*r - 8*r - 